)?
3
Let j(u) be the second derivative of -u**5/20 + u**3/6 + u**2 + 18*u. Suppose 2*p + 6 = 4*h + p, 3*h - 5*p = -4. Give j(h).
-4
Let s(n) = -n - 6. Let j(c) be the second derivative of c**3/6 + c**2 + 3*c. Let l be j(3). Let w(f) = f. Let a be w(l). What is s(a)?
-11
Let v(m) = -m**2 + m - 2. Let h be (-4)/(-3) + (-12)/(-18). Let o = 9 - h. Let l = -5 + o. What is v(l)?
-4
Let x(c) = -c + 2 + 6*c - 8*c. Give x(4).
-10
Let h(s) = -5*s**3 - 2*s - 1. Let l(b) = -b. Let r be l(3). Let z = r - -2. What is h(z)?
6
Suppose 5*c - 20 = 5. Suppose 0 = -c*k + 2*u - 17, k - 2*u + 25 = -7*u. Let o(f) = -f**2 - 7*f - 6. Give o(k).
4
Let l(b) = -b + 3. Let k be l(-10). Let o(g) = 5*g**2 + 9*g**2 - k*g**2 + 4 - 4*g. Give o(4).
4
Let y(a) = -3*a**3 + 4*a**2 + 1. Let s(g) = 8*g**3 - 11*g**2 - 4. Let c(k) = -4*s(k) - 11*y(k). Let f(i) = -i**2 + 9*i + 10. Let h be f(10). Calculate c(h).
5
Let o be (-22)/(-4) - (-4)/16*-2. Let z(u) = u - 4. Determine z(o).
1
Suppose -3*u + 5 = 2*v - 11, u - 14 = -5*v. Let q(h) = h - 1. Let c(o) = 14*o - 8. Let j(l) = -c(l) + 6*q(l). Give j(v).
-14
Suppose -52 = 20*v - 7*v. Let k(f) = -2*f - 8. What is k(v)?
0
Let k(c) = 6*c - 4. Let v(x) = x - 1. Let f(w) = k(w) - 3*v(w). Suppose -4*s - t - 4*t + 3 = 0, -4*s + 13 = -5*t. Determine f(s).
5
Suppose 8*c + 9 = 4*c - 3*d, c + 5*d = -15. Let b(u) = -u**2 - 2. What is b(c)?
-2
Let k be (-1)/(-2)*(2 - -6). Let v(r) be the third derivative of r**4/12 - r**3 + 4*r**2. What is v(k)?
2
Let t(l) be the second derivative of l**4/12 + 2*l**3/3 - 3*l + 7. Calculate t(-5).
5
Let j(p) = 6*p - 1. Let r be (10/(-15))/(4/(-6)). Determine j(r).
5
Let w(h) = -3*h + 7 - 11 + 3. Determine w(-2).
5
Let n(s) = -2*s**2 - 7*s - 8. Let h be n(-2). Let r(v) = -2*v**3 - 4*v**2 - 3*v - 1. Calculate r(h).
5
Suppose -2*t = b + t + 10, 0 = -b + t + 10. Let n(h) = h**3 - 6*h**2 + 4*h + 6. What is n(b)?
1
Let j(f) = -f - 2 - 7*f + 4*f + 5*f. Give j(0).
-2
Let o(k) = 3*k**2 - 26*k. Let s = -5 - -4. Let m be ((-4)/s)/(1/(-2)). Let w(g) = -g**2 + 9*g. Let l(z) = m*w(z) - 3*o(z). Calculate l(3).
9
Let h(t) be the third derivative of 1/60*t**5 + 0*t + 2*t**2 + 1/12*t**4 - 1/6*t**3 + 0. What is h(2)?
7
Let d(v) = v**3 - 13*v**2 - 12*v - 33. Let c be d(14). Let j(i) = 20*i**2 + 32*i. Let a(y) = 7*y**2 + 11*y. Let o(m) = 17*a(m) - 6*j(m). What is o(c)?
0
Let g be ((-1)/2)/(3*3/54). Let l(r) = 2*r. What is l(g)?
-6
Suppose q + 12 - 17 = 0. Let r(c) = -2*c + 6. Give r(q).
-4
Let c(b) = 2*b - 2. Let t(j) = -1. Let v(a) = c(a) + 2*t(a). Suppose 6*m - 5*m = 3. Determine v(m).
2
Let p(z) = z**2 - 3*z + 3. Let t be 2*1*(0 + 2). Determine p(t).
7
Let v(f) = -4*f - 4. Let g(t) = -t**2 - t - 1. Let a(r) = 5*g(r) - v(r). What is a(-1)?
-5
Suppose 5*s = -x - 14 + 40, -3*x - 5*s + 28 = 0. Let l(u) be the first derivative of -1 + 0*u + 1/2*u**2. Calculate l(x).
1
Let u(f) be the third derivative of -f**5/60 - f**4/6 - f**3/6 - 11*f**2. Calculate u(-4).
-1
Let i(y) be the second derivative of y**7/840 + y**6/72 + y**5/30 + y**4/6 - y**3/3 - 3*y. Let f(a) be the second derivative of i(a). Determine f(-3).
10
Let z(d) = 3*d**3 - d**2 + 1. Suppose 0*f + 16 = 4*f. Suppose 0 = f*k - 0*k - 8. Let j be (2/(-3))/(k/(-3)). What is z(j)?
3
Let l(r) = -r**3 - 5*r**2 + 5*r - 6. Let j(o) = 6*o + 9*o + 1 - 14*o. Let a be j(-7). Determine l(a).
0
Let p(l) be the first derivative of l**5/60 + 7*l**4/24 + 5*l**3/6 - 3*l**2/2 + 3. Let d(h) be the second derivative of p(h). Determine d(-6).
-1
Let o(c) = c**3 - 3*c**2 + 0*c**3 + c + 7*c**2. Let i(s) = s**3 - s**2 + s. Let u be i(2). Suppose -24 = 4*v + 4*k, -4*v - 3*k - u - 16 = 0. Calculate o(v).
-4
Let x be ((-4)/24)/((-1)/6). Let q(n) = -x - 2*n**2 - 2*n**3 + 5*n**2 - n**2 + 3*n**3. Let v be q(-1). Let w(d) = d**3 + d**2 + 1. Determine w(v).
1
Let q be 1 - (2 + -4 - -1). Suppose f + 3*w = -4, 4*f - w + 6 = 8*f. Let a(b) = -b**f + 2 - 2*b + 4*b - 2*b**2. Calculate a(q).
-6
Let d = 10 + -8. Suppose 30 = 7*v - d*v. Suppose -2*a + a = -v. Let j(q) = -q**3 + 5*q**2 + 4*q + 6. Calculate j(a).
-6
Let m(c) = 5*c - c**2 - 5*c - 3. Suppose 6*t - 15 = 3*t. Suppose 0 = -t*o + 4*o. Determine m(o).
-3
Suppose -2*c - 3*z = 6, -2*z + 3*z + 10 = 2*c. Let g(p) be the first derivative of 1/4*p**4 + 0*p**2 - 2 + 2/3*p**c - p. Give g(1).
2
Suppose 5*g = -f + 6 + 6, -4*f + 10 = g. Let w(k) = k**3 + 4*k**2 + 6. Let v be w(-4). Let z(m) = 2*m**3 + 0*m**2 + v*m**g - 3*m**3 - 2*m + 7. What is z(6)?
-5
Let r(u) be the second derivative of -u**3/2 - 14*u. Calculate r(3).
-9
Let h(x) be the third derivative of -5*x**4/24 + x**3/6 + 9*x**2. Suppose 9 = -0*f + 3*f. Suppose f*l = -0*l + 9. Determine h(l).
-14
Let y(f) be the first derivative of f**4/4 + 2*f**3/3 - 3*f**2/2 + 28. Give y(2).
10
Let k(c) = c**2 - 5*c - 3. Let n be k(5). Let v(z) = -3 + 5*z - 5*z - 6*z. Give v(n).
15
Let t(z) = z**3 + 7*z**2 + 6*z + 3. Let d(n) = 2*n + 4. Suppose 0 = -4*o - 0*k - 2*k - 20, -4*o + 3*k = 20. Let w be d(o). Determine t(w).
3
Let j(y) = -5*y - 12. Let w(f) = -11*f - 25. Let i(t) = -9*j(t) + 4*w(t). Let g(r) = -r - 6. Let x be g(-6). What is i(x)?
8
Let x(a) = -a**3 + a**2. Suppose -2*y + 5*y - 6 = 0. Let d(o) = 3*o**3 + 3*o**2 - 1. Let v(w) = y*x(w) + d(w). Determine v(-5).
-1
Suppose s - 12 = -2*s. Let v(n) = 1 - 9 - 5*n + s*n. Calculate v(-4).
-4
Let x be 0/(-9)*(-1)/2. Suppose -4*d = d - 5*t - 10, 13 = 3*d + 4*t. Let p = x + d. Let o(f) = -f - 3. Determine o(p).
-6
Suppose 0 = 2*v - 17 - 1. Let x(y) = -7 + y + 2 + v*y**2 + 4. Let m be (-2)/4 + (-6)/(-4). What is x(m)?
9
Suppose -6 = -4*n + n. Suppose h - 3 = n*q + 7, 0 = q - 3*h + 15. Let c(m) = 3*m - 4. Let z(g) = g - 1. Let y(j) = c(j) - 6*z(j). Give y(q).
11
Let k(r) = -3*r - 4. Let v be (-1 + 1)/(-1) - -3. Suppose -5*w - v*a + 31 = 0, 13 + 3 = 2*w + 3*a. Suppose w*y + 25 - 5 = 0. What is k(y)?
8
Let z(u) = -u**2 - 3*u - 4. Let i = -16 - -19. Calculate z(i).
-22
Let c(u) = 8*u**2 + 4*u - 1 - 4*u**3 + 4 - 1 - 1. Let i(w) = -w**2 - w. Let l(a) = -c(a) - 6*i(a). What is l(1)?
3
Let g(d) = -d**3 - d**2 - d - 5. Suppose 0 = 5*l - 9 - 16. Suppose -4*y = -l*o - 12, -o - 2*y + 3 = -y. Determine g(o).
-5
Let f(k) = 2*k**2 - 3*k - 4*k**2 + k**2 + 2 - 4. Give f(-5).
-12
Let u(r) = 2*r - 11. Let d be u(6). Let j(m) = 3*m**2 + 2*m - 1. Determine j(d).
4
Suppose 0 = 5*u + 5*a - 30, 2*u + 10 = 5*u - a. Suppose -t - 2 = u. Let n(j) be the second derivative of j**4/12 + 7*j**3/6 + 3*j**2/2 + j. Calculate n(t).
-3
Let p = -1 - 4. Let r be (-4)/p*45/(-18). Let z(g) = -g**3 - g**2 - g - 2. What is z(r)?
4
Let z(g) = -10*g. Let w(b) = b**3 + 11*b**2 + b + 12. Let i be w(-11). Determine z(i).
-10
Let x be (-4)/(-14) + (-78)/(-21). Suppose 0*g - x*g = 4. Let t(k) = k**2 + k. Give t(g).
0
Let i be (0 + 1)/((-1)/5). Let z(r) be the second derivative of r**5/20 + r**4/3 - 5*r**3/6 - r**2/2 + 13*r + 7. What is z(i)?
-1
Suppose -7 - 5 = 3*x. Let d(q) be the second derivative of q**5/20 + q**4/4 - q**3 - q**2 + 13*q. Give d(x).
6
Let q(z) be the first derivative of -z**3/3 - 3*z**2 - z - 1. Let k be (-4)/24 - 1025/150. Determine q(k).
-8
Let y(i) be the second derivative of -i**4/12 - 12*i. Give y(4).
-16
Let f(k) = k**3 - k**2 - 2*k. Let w = -45 - -43. Calculate f(w).
-8
Let x(z) be the third derivative of z**5/60 - z**4/4 + z**3 - 2*z**2. Let r be (-14)/(-4) - (-5)/10. Calculate x(r).
-2
Let s(d) = 5*d**3 - 9*d**2 - 2*d + 15. Let b(o) = o**3 - o**2 - o + 2. Let k(w) = 6*b(w) - s(w). What is k(-3)?
9
Let n(x) = -3*x + 1. Suppose -2*z + 3*k + 1 = 5, -3*z + 16 = k. What is n(z)?
-11
Let a(h) = -5*h. Suppose 6*w + 6 = 4*w. What is a(w)?
15
Suppose 19*q = 13*q + 6. Let i(v) = -v. Calculate i(q).
-1
Let y(q) = q + 7. Suppose -2*d = -7*d. Suppose d = 5*o - 22 + 52. Give y(o).
1
Let t(h) = -h**2 + 5*h - 1. Let s(d) = d**2 - d - 1. Let b(y) = 2*s(y) + t(y). Give b(-4).
1
Let g(n) be the second derivative of 1/2*n**4 - 3*n + 0 + 1/2*n**3 + 0*n**2. Let l(c) = c**2 + c. Let v(u) = -g(u) + 4*l(u). Give v(2).
-6
Let h(y) = -3*y**3 - 3*y**2 - 4*y. Let b be h(-1). Let i(m) = -m**3 + 7*m**2 + 2*m + 6 - 4 - 4*m**2. What is i(b)?
-6
Let r(x) be the second derivative of x**4/12 - x**3/6 + x**2/2 - 3*x. Let w be r(3). Let i(k) = -k**2 + 7*k + 7. Give i(w).
7
Let f(v) = -2*v + 9. Let m = -11 + 35. Suppose -6 = -5*p + m. What is f